{"id":612,"date":"2019-05-17T12:37:57","date_gmt":"2019-05-17T09:37:57","guid":{"rendered":"https:\/\/phoenixpcb.ro\/?page_id=612"},"modified":"2019-05-21T14:15:38","modified_gmt":"2019-05-21T11:15:38","slug":"politica-confidentialitate","status":"publish","type":"page","link":"https:\/\/phoenixpcb.ro\/index.php\/politica-confidentialitate\/","title":{"rendered":"Politica confidentialitate"},"content":{"rendered":"\n<ul class=\"wp-block-gallery columns-1 is-cropped wp-block-gallery-1 is-layout-flex wp-block-gallery-is-layout-flex\"><li class=\"blocks-gallery-item\"><figure><img loading=\"lazy\" decoding=\"async\" width=\"1000\" height=\"597\" src=\"https:\/\/phoenixpcb.ro\/wp-content\/uploads\/2019\/05\/logo.png\" alt=\"\" data-id=\"614\" data-link=\"https:\/\/phoenixpcb.ro\/index.php\/politica-confidentialitate\/logo-3\/\" class=\"wp-image-614\" srcset=\"https:\/\/phoenixpcb.ro\/wp-content\/uploads\/2019\/05\/logo.png 1000w, https:\/\/phoenixpcb.ro\/wp-content\/uploads\/2019\/05\/logo-300x179.png 300w, https:\/\/phoenixpcb.ro\/wp-content\/uploads\/2019\/05\/logo-768x458.png 768w, https:\/\/phoenixpcb.ro\/wp-content\/uploads\/2019\/05\/logo-921x550.png 921w\" sizes=\"auto, (max-width: 1000px) 100vw, 1000px\" \/><\/figure><\/li><\/ul>\n\n\n\n<p>Politica de confiden\u0163ialitate<\/p>\n\n\n\n<p>PhoenixPCB SRL va prelucra datele personale colectate de la clientii si vizitatorii website-ului  www.phoenixpcb.ro  pe consim\u021b\u0103m\u00e2ntul exprimat \u00een leg\u0103tur\u0103 cu prelucrarea datelor. Datele personale sunt prelucrate direct de catre administratorul www.phoenixpcb.ro, fie prin entit\u0103\u021bi \u00eemputernicite care\u00a0prelucreaz\u0103 datele \u00een numele \u0219i pe seama PhoenixPCB SRL<\/p>\n\n\n\n<p>Compania PhoenixPCB SRL, persoan\u0103 juridic\u0103\nrom\u00e2n\u0103, cu&nbsp;sediul \u00een&nbsp;Bucuresti, Str. Valea Oltului, CUI RO27229996,\n\u00eenregistrat\u0103 la Registrul Comer\u021bului sub nr. J40\/7256\/2010 ,&nbsp;v\u0103\ninformeaz\u0103 c\u0103 \u00eencep\u00e2nd cu data de 25 mai 2018, Regulamentul 2016\/679\/UE\nprivind protec\u021bia persoanelor fizice \u00een ceea ce prive\u0219te prelucrarea datelor\ncu caracter personal \u0219i privind libera circula\u021bie a acestor date (\u00een\ncontinuare &#8220;<strong>Regulamentul<\/strong>&#8220;)\nva fi aplicabil \u0219i\u00een Rom\u00e2nia.<\/p>\n\n\n\n<p><strong>1. Ce sunt datele personale&nbsp;\u0219i cum sunt colectate acestea de\nc\u0103tre PhoenixPCB SRL<\/strong><\/p>\n\n\n\n<p>Datele cu caracter personal (\u201c<strong>Date\nPersonale<\/strong>\u201d) reprezint\u0103 orice informa\u021bie\nprivind o persoan\u0103&nbsp;fizic\u0103 identificat\u0103 sau identificabil\u0103; o persoana\nfizic\u0103 identificabil\u0103 este o persoan\u0103 care poate fi identificat\u0103, direct\nsau indirect, \u00een&nbsp;special prin referire la un element de identificare, cum\nar fi nume, num\u0103r de identificare, date de localizare,identificator online,\nsau la unul sau mai multe elemente specifice, proprii identit\u0103\u021bii sale\nfizice, fiziologice, genetice,&nbsp;psihice, economice, culturale sau sociale.<\/p>\n\n\n\n<p>PhoenixPCB colecteaz\u0103 date personale prin\nintermediul website-ului<a href=\"http:\/\/www.phoenixpcb.ro\">www.phoenixpcb.ro<\/a>, c\u00e2t \u0219i prin e-mail sau po\u0219t\u0103 scris\u0103.<\/p>\n\n\n\n<p><strong>2.&nbsp;Scopul \u0219i temeiul legal al prelucr\u0103rii datelor cu\ncaracter personal<\/strong><\/p>\n\n\n\n<p><strong>Prelucrarea datelor cu caracter personal se va face strict in\ncazul exprimarii acordului dumneavoatra pentru a fi contactati in scopuri de\nofertare, comerciale si marketing.<\/strong><\/p>\n\n\n\n<p><strong>3. Categorii de date prelucrate<\/strong><\/p>\n\n\n\n<p>I\u0302n vederea\ni\u0302ndeplinirii\nscopurilor de mai sus, PhoenixPCB SRL prelucreaza\u0306 urma\u0306toarele\ncategorii de datele personale:<\/p>\n\n\n\n<p>a) &nbsp;Date de identificare ale clientilor si vizitattorilor\nwebsite-ului cum ar fi: nume, prenume, numere de telefon, adrese de E-mail\nprecum si orice alte date lasate de vizitatori prin intermediul postei, casutei\nde Email sau formulare de contact de pe www.phoenixpcb.ro<\/p>\n\n\n\n<p>b) &nbsp;Informat\u0326iile\ndespre serviciile pe care le-at\u0326i achizit\u0326ionat;<\/p>\n\n\n\n<p>c) &nbsp;Detaliile comenzilor dumneavoastra;<\/p>\n\n\n\n<p>d) &nbsp;Informat\u0326iile\ndespre comunicarea dumneavoastra\u0306 cu PhoenixPCB SRL s\u0326i cu personalul sau.<\/p>\n\n\n\n<p><strong>4. Destinatari ai datelor personale<\/strong><\/p>\n\n\n\n<p><strong>PhoenixPCB SRL nu va distribui niciodata datele cu caracter\npersonal catre terti decat la solicitarea dumneavoastra scrisa, catre alte\nsocietati spre ofertare de produse si servicii pe care PhoenixPCB SRL nu le\npoate oferi. <\/strong><\/p>\n\n\n\n<p><strong>5. Perioada de retent<\/strong><strong>\u0326<\/strong><strong>ie a datelor<\/strong><\/p>\n\n\n\n<p>Datele Personale colectate de PhoenixPCB nu vor fi stocate si\nprelucrate mai mult decat termenul legal.<\/p>\n\n\n\n<p>Datele Personale colectate i\u0302n vederea transmiterii de comunica\u0306rii comerciale vor fi prelucrate pa\u0302na\u0306 la data\nretragerii consimt\u0326a\u0306ma\u0302ntului exprimat de persoana\nvizata\u0306.<\/p>\n\n\n\n<p><strong>6. Transferul datelor cu caracter personal i<\/strong><strong>\u0302<\/strong><strong>n afara Roma<\/strong><strong>\u0302<\/strong><strong>niei<\/strong><\/p>\n\n\n\n<p>Datele dvs. cu caracter personal pot fi transferate i\u0302n afara Roma\u0302niei, i\u0302n temeiul obligat\u0326iilor legale sau\ncontractuale.<\/p>\n\n\n\n<p><strong>7. Drepturile persoanelor vizate<\/strong><\/p>\n\n\n\n<p>Persoanele vizate a ca\u0306ror date personale sunt prelucrate de ca\u0306tre PhoenixPCB i\u0302s\u0326i pot exercita urma\u0306toarele drepturi stabilite\nde Regulament:<\/p>\n\n\n\n<p>A. Dreptul de a fi informat cu privire la Datele Personale\nprelucrate de PhoenixPCB;<\/p>\n\n\n\n<p>B. Dreptul de a obt\u0326ine din partea PhoenixPCB, a confirma\u0306rii faptului ca acesta\nprelucreaza\u0306 Datele\nPersonale ale persoanei vizate s\u0326i, i\u0302n caz\nafirmativ, acces la datele respective s\u0326i la informat\u0326ii precum\nscopurile prelucra\u0306rii,\ncategoriile de date personale vizate, destinatarii sau categoriile de\ndestinatari, acolo unde este posibil, perioada de stocare preconizata\u0306. I\u0302n cazul i\u0302n care Datele Personale nu\nsunt colectate direct de la persoana vizata\u0306, sursa acestor date precum s\u0326i, acolo unde este cazul, existent\u0326a unui proces decizional automatizat incluza\u0302nd crearea de profiluri;<\/p>\n\n\n\n<p>C. Dreptul la rectificare a Datelor Personale inexacte sau\ncompletarea acestora;<\/p>\n\n\n\n<p>D. Dreptul la s\u0326tergerea\nDatelor Personale, i\u0302n\nconformitate cu prevederile Regulamentului;<\/p>\n\n\n\n<p>E. Dreptul la restrict\u0326ionarea prelucra\u0306rii\natunci ca\u0302nd se\naplica\u0306 unul din\nurma\u0306toarele\ncazuri: persoana vizata\u0306 contesta\u0306 exactitatea datelor,\nprelucrarea este ilegala\u0306,\npersoana vizata\u0306 se opune\ns\u0326tergerii\ndatelor, atunci ca\u0302nd\nPhoenixPCB nu mai are nevoie de Datele Personale i\u0302n scopul prelucra\u0306rii, dar persoana vizata\u0306 le solicita\u0306 pentru constatarea,\nexercitarea sau apa\u0306rarea\nunui drept i\u0302n instant\u0326a\u0306 sau atunci ca\u0302nd persoana vizata\u0306 se opune prelucra\u0306rii, pentru intervalul de\ntimp i\u0302n care se\nverifica\u0306 daca\u0306 interesele legitime ale\nPhoenixPCB prevaleaza\u0306 asupra\ncelor ale persoanei vizate;<\/p>\n\n\n\n<p>F. Dreptul la portabilitatea datelor, care consta\u0306 i\u0302n posibilitatea de a\nsolicita PhoenixPCB transmiterea Datelor Personale furnizate de persoana vizata\u0306, i\u0302ntr-un format structurat\nutilizat i\u0302n mod\ncurent s\u0326i care\npoate fi citit automat s\u0326i\ntransmiterea de ca\u0306tre\npersoana vizata\u0306 a\nacestor date ca\u0306tre un\nalt operator (i\u0302n\nlimitele stabilite de Regulament s\u0326i cu condit\u0326ia\nexistent\u0326ei\nmijloacelor tehnice necesare pentru asigurarea acestui drept);<\/p>\n\n\n\n<p>G. Dreptul de opozit\u0326ie la prelucrarea Datelor Personale, i\u0302n orice moment, i\u0302n mod gratuit s\u0326i fa\u0306ra\u0306 nicio justificare pentru\nsituat\u0326ii\nprecum: (i) activita\u0306t\u0326i de prelucrare a datelor\npersonale, pentru situat\u0326iile i\u0302n care consimt\u0326a\u0306ma\u0302ntul persoanei vizate nu\neste necesar a fi obt\u0326inut;\n(ii) adoptarea unei decizii automate, inclusiv crearea de profiluri; (iii)\ndesfa\u0306s\u0326urarea de activita\u0306t\u0326i de prelucrare necesare i\u0302n vederea i\u0302ndeplinirii unui interes\nlegitim al PhoenixPCB. I\u0302n caz de\nopozit\u0326ie\nnejustificata\u0306,\nPhoenixPCB este i\u0302ndrepta\u0306t\u0326it sa\u0306 prelucreze i\u0302n continuare Datele\nPersonale. I\u0302n cazul i\u0302n care persoana vizata\u0306 i\u0302s\u0326i exercita\u0306 dreptul de opozit\u0326ie i\u0302n mod repetat s\u0326i nejustificat, PhoenixPCB\ni\u0302s\u0326i rezerva\u0306 dreptul de a nu mai ra\u0306spunde unor astfel de\nsolicita\u0306ri.\nDreptul de opozit\u0326ie nu se\nva putea exercita cu privire la prelucrarea Datelor Personale necesare i\u0302in vederea executa\u0306rii contractului de\ntransport aerian sau a i\u0302ndeplinirii\nobligat\u0326iilor\nlegale a PhoenixPCB;<\/p>\n\n\n\n<p>H. Posibilitatea persoanei vizate de a solicita PhoenixPCB de a nu\nface obiectul unei decizii bazate exclusiv pe o prelucrare automata\u0306, inclusiv crearea de\nprofiluri s\u0326i care\nproduce efecte juridice care sa\u0306\npriveasca\u0306 persoana\nvizata\u0306 sau care\nsa\u0306 o afecteze\ni\u0302ntr-o ma\u0306sura semnificativa\u0306. Cu privire la adoptarea\nunei decizii bazate exclusiv pe o prelucrare automata\u0306, persoana vizata\u0306 are posibilitatea de a i\u0302s\u0326i exprima punctul de\nvedere, de a solicita intervent\u0326ia unui\noperator uman, precum s\u0326i posibilitatea\nde a contesta o astfel de decizie, prin modalita\u0306t\u0326ile\ndescrise i\u0302n\nprezenta informare; Va\u0306 informa\u0306m ca\u0306 PhoenixPCB nu aplica\u0306 procedee de luare a\ndeciziilor bazate exclusiv pe prelucrarea automata\u0306;<\/p>\n\n\n\n<p>I. I\u0302n cazul i\u0302n care datele sunt\nprelucrate i\u0302n baza\nconsimt\u0326a\u0306ma\u0302ntului dvs., avet\u0326i dreptul de a va\u0306 retrage consimt\u0326a\u0306ma\u0302ntul i\u0302n orice moment, fa\u0306ra\u0306 a fi afectata\u0306 legalitatea prelucra\u0306rii efectuate pa\u0302na\u0306 la acel moment;<\/p>\n\n\n\n<p>J. Dreptul de a depune o pla\u0302ngere i\u0302n fat\u0326a Autorita\u0306t\u0326ii Nat\u0326ionale pentru Supravegherea\nPrelucra\u0306rii\nDatelor cu Caracter Personal (ANSPDCP);<\/p>\n\n\n\n<p>K. Dreptul de a se adresa justit\u0326iei.<\/p>\n\n\n\n<p>Pentru exercitarea drepturilor preva\u0306zute la literele a) &#8211; h) de mai sus, putet\u0326i i\u0302nainta ca\u0306tre PhoenixPCB o cerere\nscrisa\u0306, datata\u0306 s\u0326i semnata\u0306, la&nbsp;<strong>Sediul\nPhoenixPCB , Adresa: Soseaua Dudesti Pantelimon, nr. 42(in curtea Rams Business\nPark). <\/strong>&nbsp;sau putet\u0326i transmite o astfel de\ncerere pe e-mail, ca\u0306tre\nResponsabilul cu Protect\u0326ia\nDatelor cu Caracter Personal, la adresa de email&nbsp;office@phoenixpcb.ro\n.<\/p>\n\n\n\n<p>Pla\u0302ngeri\nreferitoare la prelucrarea datelor personale pot fi adresate Autorita\u0306t\u0326ii Nat\u0326ionale de Supraveghere a\nPrelucra\u0306rii\nDatelor cu Caracter Personal.<\/p>\n\n\n\n<ul class=\"wp-block-gallery columns-1 is-cropped wp-block-gallery-2 is-layout-flex wp-block-gallery-is-layout-flex\"><li class=\"blocks-gallery-item\"><figure><img loading=\"lazy\" decoding=\"async\" width=\"1000\" height=\"597\" src=\"https:\/\/phoenixpcb.ro\/wp-content\/uploads\/2019\/05\/logo-2.png\" alt=\"\" data-id=\"617\" data-link=\"https:\/\/phoenixpcb.ro\/index.php\/politica-confidentialitate\/logo-2-2\/\" class=\"wp-image-617\" srcset=\"https:\/\/phoenixpcb.ro\/wp-content\/uploads\/2019\/05\/logo-2.png 1000w, https:\/\/phoenixpcb.ro\/wp-content\/uploads\/2019\/05\/logo-2-300x179.png 300w, https:\/\/phoenixpcb.ro\/wp-content\/uploads\/2019\/05\/logo-2-768x458.png 768w, https:\/\/phoenixpcb.ro\/wp-content\/uploads\/2019\/05\/logo-2-921x550.png 921w\" sizes=\"auto, (max-width: 1000px) 100vw, 1000px\" \/><\/figure><\/li><\/ul>\n","protected":false},"excerpt":{"rendered":"<p>Politica de confiden\u0163ialitate PhoenixPCB SRL va prelucra datele personale colectate de la clientii si vizitatorii website-ului www.phoenixpcb.ro pe consim\u021b\u0103m\u00e2ntul exprimat \u00een leg\u0103tur\u0103 cu prelucrarea datelor. Datele personale sunt prelucrate direct de catre administratorul www.phoenixpcb.ro, fie prin entit\u0103\u021bi \u00eemputernicite care\u00a0prelucreaz\u0103 datele \u00een numele \u0219i pe seama PhoenixPCB SRL Compania PhoenixPCB SRL, persoan\u0103 juridic\u0103 rom\u00e2n\u0103, cu&nbsp;sediul \u00een&nbsp;Bucuresti, Str. Valea Oltului, CUI RO27229996, \u00eenregistrat\u0103 la Registrul Comer\u021bului sub nr. J40\/7256\/2010 ,&nbsp;v\u0103 informeaz\u0103 c\u0103 \u00eencep\u00e2nd cu data de 25 mai 2018, Regulamentul 2016\/679\/UE privind protec\u021bia persoanelor fizice \u00een ceea ce prive\u0219te prelucrarea datelor cu<a class=\"more-link\" href=\"https:\/\/phoenixpcb.ro\/index.php\/politica-confidentialitate\/\">SEE DETAILS <span class=\"more-link-image\"><\/span><span class=\"more-link-hover-image\"><\/span><\/a><\/p>\n","protected":false},"author":2,"featured_media":0,"parent":0,"menu_order":0,"comment_status":"closed","ping_status":"closed","template":"","meta":{"footnotes":""},"class_list":["post-612","page","type-page","status-publish","hentry"],"jetpack_sharing_enabled":true,"_links":{"self":[{"href":"https:\/\/phoenixpcb.ro\/index.php\/wp-json\/wp\/v2\/pages\/612","targetHints":{"allow":["GET"]}}],"collection":[{"href":"https:\/\/phoenixpcb.ro\/index.php\/wp-json\/wp\/v2\/pages"}],"about":[{"href":"https:\/\/phoenixpcb.ro\/index.php\/wp-json\/wp\/v2\/types\/page"}],"author":[{"embeddable":true,"href":"https:\/\/phoenixpcb.ro\/index.php\/wp-json\/wp\/v2\/users\/2"}],"replies":[{"embeddable":true,"href":"https:\/\/phoenixpcb.ro\/index.php\/wp-json\/wp\/v2\/comments?post=612"}],"version-history":[{"count":6,"href":"https:\/\/phoenixpcb.ro\/index.php\/wp-json\/wp\/v2\/pages\/612\/revisions"}],"predecessor-version":[{"id":628,"href":"https:\/\/phoenixpcb.ro\/index.php\/wp-json\/wp\/v2\/pages\/612\/revisions\/628"}],"wp:attachment":[{"href":"https:\/\/phoenixpcb.ro\/index.php\/wp-json\/wp\/v2\/media?parent=612"}],"curies":[{"name":"wp","href":"https:\/\/api.w.org\/{rel}","templated":true}]}}